{"id":7885,"date":"2020-02-04T21:16:47","date_gmt":"2020-02-04T20:16:47","guid":{"rendered":"http:\/\/www.archiurbain.be\/?page_id=7885"},"modified":"2024-06-12T17:43:41","modified_gmt":"2024-06-12T15:43:41","slug":"cercle-des-amis-archi-urbains","status":"publish","type":"page","link":"https:\/\/www.archiurbain.be\/?page_id=7885","title":{"rendered":"SOUTENEZ NOS ENGAGEMENTS !"},"content":{"rendered":"\n<p>Mister Emma a d\u00e9cid\u00e9 de s&rsquo;engager dans un vaste programme de sensibilisation \u00e0 la r\u00e9novation \/ construction saine et durable afin d&rsquo;aider les propri\u00e9taires \u00e0 transformer leur habitation avec des pratiques \u00e9co-responsables et diminuer la facture \u00e9nerg\u00e9tique.<\/p>\n\n\n\n<div class=\"wp-block-group alignfull has-text-color has-background\" style=\"color:#000000;background-color:#ffffff\"><div class=\"wp-block-group__inner-container is-layout-flow wp-block-group-is-layout-flow\">\n<div style=\"height:30px\" aria-hidden=\"true\" class=\"wp-block-spacer\"><\/div>\n\n\n\n<p class=\"has-text-align-center has-small-font-size\" style=\"line-height:.9\"><strong>Sustainability<\/strong><\/p>\n\n\n\n<h2 class=\"wp-block-heading has-text-align-center has-vivid-green-cyan-color has-text-color has-link-color wp-elements-08224e87aeab8e14b4890dc48506b5e5\" id=\"schedule-a-visit\" style=\"font-size:59px;line-height:1.15\"><strong>Tout savoir sur le LaboNord<\/strong><\/h2>\n\n\n\n<div class=\"wp-block-buttons is-horizontal is-content-justification-center is-layout-flex wp-container-core-buttons-is-layout-499968f5 wp-block-buttons-is-layout-flex\">\n<div class=\"wp-block-button has-custom-width wp-block-button__width-50\"><a class=\"wp-block-button__link has-black-color has-light-green-cyan-background-color has-text-color has-background wp-element-button\" href=\"https:\/\/www.archiurbain.be\/?page_id=12638\" style=\"border-radius:50px\" target=\"_blank\" rel=\"noreferrer noopener\">D\u00e9couvrir le projet<\/a><\/div>\n<\/div>\n\n\n\n<div style=\"height:50px\" aria-hidden=\"true\" class=\"wp-block-spacer\"><\/div>\n<\/div><\/div>\n\n\n\n<p><strong>Comment soutenir l&rsquo;action d&rsquo;Archi Urbain ?<\/strong><\/p>\n\n\n\n<p>Vous pouvez soutenir cette grande aventure et l&rsquo;action d\u2019Archi Urbain en participant \u00e0 l&rsquo;un des programmes suivants :<\/p>\n\n\n\n<p><strong>LET&rsquo;S GREEN THE FUTURE<\/strong><br>Afin de financer la LaboNord, nous avons ouvert un programme de soutien auquel nous vous invitons \u00e0 participer.<\/p>\n\n\n\n<p>Nous nous engageons \u00e0 reverser 10% de la somme r\u00e9colt\u00e9e \u00e0 un programme qui soutient la durabilti\u00e9, la transition \u00e9cologique, la faune et la flore. De mani\u00e8re figurative, par tranche de 25 euros, nous planterons un arbre. Vous pourrez suivre ce programme en toute transparence dans l&rsquo;\u00e9mission Archi Urbain sur BX1 d\u00e8s septembre 2024.<\/p>\n\n\n\n<p><strong>Faire un don<\/strong> : <a href=\"https:\/\/www.leetchi.com\/fr\/c\/documentaire-jose-zanine-caldas-1788327\" target=\"_blank\" rel=\"noreferrer noopener\">Let&rsquo;s green the future<\/a><\/p>\n\n\n\n<figure class=\"wp-block-image size-medium\"><a href=\"https:\/\/www.leetchi.com\/fr\/c\/documentaire-jose-zanine-caldas-1788327\"><img loading=\"lazy\" decoding=\"async\" width=\"300\" height=\"270\" src=\"https:\/\/www.archiurbain.be\/wp-content\/uploads\/2024\/04\/Capture-decran-2024-04-12-a-09.14.25-300x270.png\" alt=\"\" class=\"wp-image-12320\" srcset=\"https:\/\/www.archiurbain.be\/wp-content\/uploads\/2024\/04\/Capture-decran-2024-04-12-a-09.14.25-300x270.png 300w, https:\/\/www.archiurbain.be\/wp-content\/uploads\/2024\/04\/Capture-decran-2024-04-12-a-09.14.25-768x690.png 768w, https:\/\/www.archiurbain.be\/wp-content\/uploads\/2024\/04\/Capture-decran-2024-04-12-a-09.14.25-100x90.png 100w, https:\/\/www.archiurbain.be\/wp-content\/uploads\/2024\/04\/Capture-decran-2024-04-12-a-09.14.25.png 837w\" sizes=\"auto, (max-width: 300px) 100vw, 300px\" \/><\/a><\/figure>\n\n\n\n<p><strong>WHO&rsquo;s WHO<\/strong><br>Vous \u00eates une entreprise investie dans la durabilit\u00e9, dans l&rsquo;\u00e9co-construction, dans un processus vertueux pour la plan\u00e8te ? Rejoignez notre carnet d&rsquo;adresses !<\/p>\n\n\n\n<p class=\"has-black-color has-text-color has-link-color wp-elements-fcf5964666480dd817e7a69a9f80c40b\">Co\u00fbt : 450 euros HTVA<br>Voir les entreprises d\u00e9j\u00e0 engag\u00e9es : <a href=\"https:\/\/www.archiurbain.be\/?page_id=12384\">vid\u00e9os Who&rsquo;s Who<\/a><br><strong>Inscrivez-vous \u00e0 notre prochain tournage<\/strong> (14 juin 2024) : <a href=\"https:\/\/calendar.app.google\/47nU6h4DEKtJXfc36\">https:\/\/calendar.app.google\/47nU6h4DEKtJXfc36<\/a><\/p>\n\n\n\n<p><strong>M\u00c9C\u00c8NE<\/strong><br>Si comme les entreprises qui se trouvent dans la colonne de droite de cet article, vous avez une \u00e2me de m\u00e9c\u00e8ne. N&rsquo;h\u00e9sitez pas nous soutenir car sans elles et sans vous, ARCHI URBAIN n&rsquo;existerait pas. C&rsquo;est l&rsquo;ensemble de ces partenaires qui permet \u00e0 Archi Urbain d&rsquo;exister depuis 18 ans et de mettre en valeur le foisonnement, la diversit\u00e9, la richesse, le savoir-faire des architectes belges tant \u00e0 la t\u00e9l\u00e9vision que sur Internet.<\/p>\n\n\n\n<p>En devenant partenaire d&rsquo;Archi Urbain, votre logo se retrouve :<\/p>\n\n\n\n<ul class=\"wp-block-list\">\n<li>sur l&rsquo;ensemble des pages \u00ab\u00a0archive\u00a0\u00bb des \u00e9missions ARCHI URBAIN de la saison pour laquelle vous \u00eates partenaire,<\/li>\n\n\n\n<li>dans la colonne de droite du site archiurbain.be,<\/li>\n\n\n\n<li>sur sur l&rsquo;ensemble des newsletters que nous envoyons \u00e0 plus de 1500 professionnels<\/li>\n<\/ul>\n\n\n\n<p>Le nom de votre entreprise se retrouve automatiquement au g\u00e9n\u00e9rique de fin de l&rsquo;ensemble des \u00e9missions de la saison pour laquelle vous \u00eates partenaire. ET nous vous offrons automatiquement une vid\u00e9o portrait Who&rsquo;s Who.<\/p>\n\n\n\n<p>Co\u00fbt : 3.000 euros HTVA<br>Contact : <a href=\"mailto:info@archiurbain.be\">info@archiurbain.be<\/a><\/p>\n\n\n\n<figure class=\"wp-block-image size-full\"><a href=\"https:\/\/www.archiurbain.be\/wp-content\/uploads\/2024\/06\/soutiensAU24.jpg\"><img loading=\"lazy\" decoding=\"async\" width=\"1920\" height=\"517\" src=\"https:\/\/www.archiurbain.be\/wp-content\/uploads\/2024\/06\/soutiensAU24.jpg\" alt=\"\" class=\"wp-image-12760\" srcset=\"https:\/\/www.archiurbain.be\/wp-content\/uploads\/2024\/06\/soutiensAU24.jpg 1920w, https:\/\/www.archiurbain.be\/wp-content\/uploads\/2024\/06\/soutiensAU24-300x81.jpg 300w, https:\/\/www.archiurbain.be\/wp-content\/uploads\/2024\/06\/soutiensAU24-1024x276.jpg 1024w, https:\/\/www.archiurbain.be\/wp-content\/uploads\/2024\/06\/soutiensAU24-768x207.jpg 768w, https:\/\/www.archiurbain.be\/wp-content\/uploads\/2024\/06\/soutiensAU24-1536x414.jpg 1536w, https:\/\/www.archiurbain.be\/wp-content\/uploads\/2024\/06\/soutiensAU24-334x90.jpg 334w\" sizes=\"auto, (max-width: 1920px) 100vw, 1920px\" \/><\/a><\/figure>\n\n\n\n<p><strong>CAVIAR<\/strong><br>Les D\u00e9lires Productions produit l&rsquo;\u00e9mission ARCHI URBAIN depuis 2006 et les longs m\u00e9trages documentaires de Mister Emma. La soci\u00e9t\u00e9 bruxelloise est aussi active dans la production de capsules \/ films \/ vid\u00e9os \/ reportages d&rsquo;entreprises que vous pouvez notamment d\u00e9couvrir sur la plateforme de diffusion caviar.archi. Nous ne proposons uniquement de r\u00e9aliser une support vid\u00e9o sur votre projet immobilier mais nous vous offrons \u00e9galement un service de large diffusion sur notre r\u00e9seau multi-canal. Contactez-nous pour obtenir toutes les informations sur notre service de production.<\/p>\n\n\n\n<p>Co\u00fbt : sur devis<br>Contact : <a href=\"mailto:info@archiurbain.be\">info@archiurbain.be<\/a><\/p>\n\n\n\n<figure class=\"wp-block-image size-medium\"><a href=\"http:\/\/www.caviar.archi\" target=\"_blank\" rel=\"noreferrer noopener\"><img loading=\"lazy\" decoding=\"async\" width=\"300\" height=\"300\" src=\"https:\/\/www.archiurbain.be\/wp-content\/uploads\/2024\/06\/Caviar_logo2015-300x300.jpg\" alt=\"\" class=\"wp-image-12762\" srcset=\"https:\/\/www.archiurbain.be\/wp-content\/uploads\/2024\/06\/Caviar_logo2015-300x300.jpg 300w, https:\/\/www.archiurbain.be\/wp-content\/uploads\/2024\/06\/Caviar_logo2015-1024x1024.jpg 1024w, https:\/\/www.archiurbain.be\/wp-content\/uploads\/2024\/06\/Caviar_logo2015-768x768.jpg 768w, https:\/\/www.archiurbain.be\/wp-content\/uploads\/2024\/06\/Caviar_logo2015-1536x1536.jpg 1536w, https:\/\/www.archiurbain.be\/wp-content\/uploads\/2024\/06\/Caviar_logo2015-90x90.jpg 90w, https:\/\/www.archiurbain.be\/wp-content\/uploads\/2024\/06\/Caviar_logo2015.jpg 1575w\" sizes=\"auto, (max-width: 300px) 100vw, 300px\" \/><\/a><\/figure>\n","protected":false},"excerpt":{"rendered":"<p>Mister Emma a d\u00e9cid\u00e9 de s&rsquo;engager dans un vaste programme de sensibilisation \u00e0 la r\u00e9novation \/ construction saine et durable afin d&rsquo;aider les propri\u00e9taires \u00e0 transformer leur habitation avec des pratiques \u00e9co-responsables et diminuer la facture \u00e9nerg\u00e9tique. Sustainability Tout savoir sur le LaboNord Comment soutenir l&rsquo;action d&rsquo;Archi Urbain ? Vous pouvez soutenir cette grande aventure et l&rsquo;action d\u2019Archi Urbain en participant \u00e0 l&rsquo;un des programmes &hellip; <a href=\"https:\/\/www.archiurbain.be\/?page_id=7885\" class=\"more-link\">Continuer de lire <span class=\"screen-reader-text\">SOUTENEZ NOS ENGAGEMENTS !<\/span><\/a><\/p>\n","protected":false},"author":1,"featured_media":0,"parent":0,"menu_order":0,"comment_status":"closed","ping_status":"closed","template":"","meta":{"_monsterinsights_skip_tracking":false,"_monsterinsights_sitenote_active":false,"_monsterinsights_sitenote_note":"","_monsterinsights_sitenote_category":0,"footnotes":""},"tags":[],"class_list":["post-7885","page","type-page","status-publish","hentry"],"jetpack_sharing_enabled":true,"_links":{"self":[{"href":"https:\/\/www.archiurbain.be\/index.php?rest_route=\/wp\/v2\/pages\/7885","targetHints":{"allow":["GET"]}}],"collection":[{"href":"https:\/\/www.archiurbain.be\/index.php?rest_route=\/wp\/v2\/pages"}],"about":[{"href":"https:\/\/www.archiurbain.be\/index.php?rest_route=\/wp\/v2\/types\/page"}],"author":[{"embeddable":true,"href":"https:\/\/www.archiurbain.be\/index.php?rest_route=\/wp\/v2\/users\/1"}],"replies":[{"embeddable":true,"href":"https:\/\/www.archiurbain.be\/index.php?rest_route=%2Fwp%2Fv2%2Fcomments&post=7885"}],"version-history":[{"count":48,"href":"https:\/\/www.archiurbain.be\/index.php?rest_route=\/wp\/v2\/pages\/7885\/revisions"}],"predecessor-version":[{"id":12769,"href":"https:\/\/www.archiurbain.be\/index.php?rest_route=\/wp\/v2\/pages\/7885\/revisions\/12769"}],"wp:attachment":[{"href":"https:\/\/www.archiurbain.be\/index.php?rest_route=%2Fwp%2Fv2%2Fmedia&parent=7885"}],"wp:term":[{"taxonomy":"post_tag","embeddable":true,"href":"https:\/\/www.archiurbain.be\/index.php?rest_route=%2Fwp%2Fv2%2Ftags&post=7885"}],"curies":[{"name":"wp","href":"https:\/\/api.w.org\/{rel}","templated":true}]}}