{"id":12638,"date":"2024-05-31T17:34:29","date_gmt":"2024-05-31T15:34:29","guid":{"rendered":"https:\/\/www.archiurbain.be\/?page_id=12638"},"modified":"2025-01-17T23:50:21","modified_gmt":"2025-01-17T22:50:21","slug":"12638-2","status":"publish","type":"page","link":"https:\/\/www.archiurbain.be\/?page_id=12638","title":{"rendered":""},"content":{"rendered":"\n<figure class=\"wp-block-image size-large\"><a href=\"https:\/\/www.archiurbain.be\/wp-content\/uploads\/2024\/04\/LaboNord-scaled.jpg\"><img loading=\"lazy\" decoding=\"async\" width=\"1024\" height=\"454\" src=\"https:\/\/www.archiurbain.be\/wp-content\/uploads\/2024\/04\/LaboNord-1024x454.jpg\" alt=\"\" class=\"wp-image-12287\" srcset=\"https:\/\/www.archiurbain.be\/wp-content\/uploads\/2024\/04\/LaboNord-1024x454.jpg 1024w, https:\/\/www.archiurbain.be\/wp-content\/uploads\/2024\/04\/LaboNord-300x133.jpg 300w, https:\/\/www.archiurbain.be\/wp-content\/uploads\/2024\/04\/LaboNord-768x341.jpg 768w, https:\/\/www.archiurbain.be\/wp-content\/uploads\/2024\/04\/LaboNord-1536x681.jpg 1536w, https:\/\/www.archiurbain.be\/wp-content\/uploads\/2024\/04\/LaboNord-2048x908.jpg 2048w, https:\/\/www.archiurbain.be\/wp-content\/uploads\/2024\/04\/LaboNord-203x90.jpg 203w\" sizes=\"auto, (max-width: 1024px) 100vw, 1024px\" \/><\/a><\/figure>\n\n\n\n<p><strong>INTENTIONS<\/strong><\/p>\n\n\n\n<p>C\u2019est en octobre 2006 que l\u2019\u00e9mission d\u00e9di\u00e9e \u00e0 l\u2019architecture et \u00e0 l\u2019urbanisme a vu le jour sur T\u00e9l\u00e9-Bruxelles (aujourd\u2019hui BX1). Depuis, plus de 650 \u00e9missions de 12 minutes ont \u00e9t\u00e9 produites pour la t\u00e9l\u00e9vision, accompagn\u00e9es de plus d\u2019une centaine de capsules vid\u00e9o pour la plateforme&nbsp;caviar.archi. Plusieurs longs m\u00e9trages documentaires (<em>Let\u2019s Meet Yves Weinand<\/em>,&nbsp;<em>Les occupations temporaires<\/em>,&nbsp;<em>MediaPark<\/em>,&nbsp;<em>L\u2019histoire des logements sociaux \u00e0 Bruxelles<\/em>,&nbsp;<em>In Vivo<\/em>,&nbsp;<em>Acupunctures urbaines<\/em>,&nbsp;<em>La Royale Belge<\/em>, \u2026) ont \u00e9galement \u00e9t\u00e9 diffus\u00e9s dans des festivals \u00e0 travers le monde.<\/p>\n\n\n\n<p>Au fil des ann\u00e9es, nous avons capt\u00e9 et archiv\u00e9 l\u2019\u00e9volution de la construction et de la r\u00e9novation, tant \u00e0 Bruxelles qu\u2019ailleurs. Nous avons constat\u00e9 l\u2019essor croissant de la durabilit\u00e9 dans ces domaines. Apr\u00e8s avoir produit une s\u00e9rie de 40 \u00e9missions sur le th\u00e8me \u00ab Architecture et d\u00e9fis climatiques \u00bb (2020-2021), suivi l\u2019architecte Yves Weinand pendant un an pour un documentaire retra\u00e7ant son parcours (2022), et accompagn\u00e9 Bento Architecture \u00e0 Venise pour la Biennale d\u2019architecture (2023), il est devenu \u00e9vident pour nous qu\u2019un retour en arri\u00e8re n\u2019\u00e9tait plus possible.<\/p>\n\n\n\n<p>Parler de projets non \u00e9co-responsables est d\u00e9sormais inconcevable. Nous avons donc poursuivi notre engagement avec la production d\u2019un long m\u00e9trage sur le renouveau de la construction en terre crue (2024) et d\u2019autres projets ax\u00e9s sur des solutions saines et durables.<\/p>\n\n\n\n<p>Ces exp\u00e9riences nous ont naturellement conduits \u00e0 la cr\u00e9ation du LaboNord, un chantier pilote qui devient notre point d&rsquo;ancrage pour \u00e9tudier la r\u00e9novation saine, durable et abordable.<\/p>\n\n\n\n<p>En prenant comme point de d\u00e9part la PEB (<em>Performance \u00c9nerg\u00e9tique des B\u00e2timents<\/em>), promu par les d\u00e9cideurs comme un cadre pour r\u00e9duire les d\u00e9penses \u00e9nerg\u00e9tiques et am\u00e9liorer l\u2019efficacit\u00e9 \u00e9nerg\u00e9tique des b\u00e2timents, nous avons choisi de travailler sur une maison bruxelloise typique situ\u00e9e dans le quartier Nord, \u00e0 Saint-Josse-ten-Noode. Avec une performance \u00e9nerg\u00e9tique class\u00e9e G, cette maison symbolise le d\u00e9fi que repr\u00e9sente la r\u00e9novation durable. Ce projet fil rouge nous permettra d\u2019explorer toutes les \u00e9tapes et dimensions de la r\u00e9novation : identifier les freins, mobiliser les m\u00e9tiers impliqu\u00e9s, choisir les mat\u00e9riaux, collaborer avec les producteurs et architectes, et bien plus encore.<\/p>\n\n\n\n<p>Notre ambition est d\u2019\u00eatre aussi exhaustifs que possible. Gr\u00e2ce \u00e0 notre temps d\u2019antenne et \u00e0 nos r\u00e9seaux, nous nous engageons sur un minimum de trois saisons d\u2019<em>Archi Urbain<\/em>&nbsp;pour couvrir ce sujet. \u00c0 raison d\u2019une quarantaine d\u2019\u00e9missions par saison, cela repr\u00e9sente plus de 100 \u00e9pisodes de 12 minutes, sans compter les collaborations avec&nbsp;caviar.archi&nbsp;et d\u2019autres plateformes num\u00e9riques.<\/p>\n\n\n\n<p>Nous ne cherchons pas \u00e0 r\u00e9inventer l\u2019eau chaude. Ce qui est d\u00e9j\u00e0 bien fait par d\u2019autres m\u00e9rite d\u2019\u00eatre valoris\u00e9. Notre objectif est de rassembler un maximum d\u2019acteurs : institutions, entreprises, monde acad\u00e9mique, centres de formation, pour promouvoir, \u00e0 grande \u00e9chelle, la durabilit\u00e9 dans l\u2019immobilier.<\/p>\n\n\n\n<p>Le LaboNord \u2013 cette maison fil rouge \u2013 est un pr\u00e9texte id\u00e9al pour sortir des murs et partir \u00e0 la rencontre des initiatives, innovations, constructions, r\u00e9novations, mat\u00e9riaux et forces vives dont regorgent Bruxelles et la Belgique.<\/p>\n\n\n\n<hr class=\"wp-block-separator has-alpha-channel-opacity\"\/>\n\n\n\n<p><strong>LE PROCESSUS CR\u00c9ATIF<\/strong><\/p>\n\n\n\n<p>L\u2019id\u00e9e de ce projet repose sur une maison situ\u00e9e dans le quartier Nord, \u00e0 Saint-Josse-ten-Noode, un secteur d\u00e9favoris\u00e9 de Bruxelles o\u00f9 les enjeux de r\u00e9novation et de durabilit\u00e9 sont immenses. Ce bien, affichant un PEB G, n\u00e9cessite une r\u00e9novation compl\u00e8te. La question centrale est :&nbsp;<strong>comment s\u2019y prendre ?<\/strong><\/p>\n\n\n\n<p>Nous souhaitons d\u00e9tailler chaque \u00e9tape de ce processus : la recherche d\u2019un architecte, les aides disponibles, et les outils \u00e0 la disposition des propri\u00e9taires. Pour cela, l\u2019architecte <a href=\"https:\/\/www.archiurbain.be\/?p=12391\"><strong>Benoit Lemmens<\/strong><\/a>(<em>450ppm<\/em>) sera notre fil rouge, en collaboration avec <a href=\"https:\/\/www.archiurbain.be\/?p=12680\"><strong>Alexandru Patrichi<\/strong><\/a> (Alexandru Patrichi Architecture), <strong>Yann Gueguen<\/strong> et <strong>Ma\u00ebl Duclovel<\/strong> (Collectif Alter). Ces derniers travailleront main dans la main avec le cours&nbsp;<em>Architecture \u00e9cologies durabilit\u00e9s<\/em>&nbsp;de l\u2019ULB, dirig\u00e9 par Aline Branders (<em>A2M<\/em>) et Jean Garcin (<em>Karbon\u2019<\/em>). Ensemble, nous allons imaginer cette r\u00e9novation et explorer les initiatives d\u2019entreprises, d\u2019institutions et de producteurs qui peuvent accompagner les propri\u00e9taires dans leurs d\u00e9marches pour un projet durable.<\/p>\n\n\n\n<p><strong>Les trois phases du projet<\/strong><\/p>\n\n\n\n<ol class=\"wp-block-list\">\n<li><strong>Fantasmer la r\u00e9novation<\/strong><br>Nous partirons de cette maison comme point de d\u00e9part pour rencontrer les acteurs cl\u00e9s : architectes, entreprises, usines, et institutions. Nous aborderons les \u00e9tapes n\u00e9cessaires pour guider les propri\u00e9taires vers les bonnes pratiques, les mat\u00e9riaux durables, et les choix \u00e9clair\u00e9s.<\/li>\n\n\n\n<li><strong>Entrer dans le concret<\/strong><br>Une fois les bases pos\u00e9es, nous nous plongerons dans la r\u00e9novation proprement dite. Cela inclura des visites de chantiers, des exemples concrets, des formations sp\u00e9cialis\u00e9es, et des d\u00e9monstrations pratiques sur le terrain.<\/li>\n\n\n\n<li><strong>Faire un retour d\u2019exp\u00e9rience<\/strong><br>Au fil des trois ann\u00e9es de ce projet, nous reviendrons pour \u00e9valuer les \u00e9volutions du secteur : nouvelles tendances, mat\u00e9riaux innovants, recherches abouties, et transformations observ\u00e9es.<\/li>\n<\/ol>\n\n\n\n<p><strong>Une approche documentaire<\/strong><\/p>\n\n\n\n<p>Ce projet se construira au fil du temps, tel un documentaire. Nous avons les grandes lignes en t\u00eate, mais le sc\u00e9nario se d\u00e9veloppera naturellement avec les rencontres et les d\u00e9couvertes. Notre objectif est de rester accessible et pragmatique :&nbsp;<strong>informer, guider, inspirer.<\/strong>&nbsp;Nous voulons susciter l\u2019envie de construire durablement, d\u2019encourager les jeunes \u00e0 s\u2019engager dans les fili\u00e8res de construction durable, et de fournir des outils concrets aux propri\u00e9taires et professionnels.<\/p>\n\n\n\n<p><strong>Une mise en lumi\u00e8re multicanal<\/strong><\/p>\n\n\n\n<p>De nombreuses initiatives existent d\u00e9j\u00e0, et nous souhaitons leur donner un maximum de visibilit\u00e9 \u00e0 travers diff\u00e9rents supports :<\/p>\n\n\n\n<ul class=\"wp-block-list\">\n<li><strong>Archi Urbain<\/strong>, l\u2019\u00e9mission t\u00e9l\u00e9vis\u00e9e.<\/li>\n\n\n\n<li><strong>Le site Internet Archi Urbain<\/strong>&nbsp;et la plateforme&nbsp;<strong>caviar.archi<\/strong>.<\/li>\n\n\n\n<li>Les r\u00e9seaux sociaux de nos productions.<\/li>\n\n\n\n<li>Des \u00e9v\u00e9nements en direct : conf\u00e9rences, colloques, d\u00e9bats, projections, comme nous l\u2019avons fait le 15 novembre 2023 \u00e0 l\u2019AG Campus pour l\u2019acte I de ce laboratoire.<\/li>\n<\/ul>\n\n\n\n<p><strong>Trois formats de production<\/strong><\/p>\n\n\n\n<ol class=\"wp-block-list\">\n<li><strong>Capsules <\/strong><a href=\"https:\/\/www.archiurbain.be\/?page_id=13291\"><strong>Tutoriels<\/strong><br><\/a>Des vid\u00e9os courtes, p\u00e9dagogiques et accessibles, vulgarisant des th\u00e9matiques et concepts li\u00e9s \u00e0 la durabilit\u00e9.<\/li>\n\n\n\n<li><strong>Portraits <\/strong><a href=\"https:\/\/www.archiurbain.be\/?page_id=12384\"><strong>Who\u2019s Who<\/strong><\/a><br>Des vid\u00e9os web de deux minutes o\u00f9 des dirigeants d\u2019entreprises expliquent leur vision de la durabilit\u00e9 et comment elle est appliqu\u00e9e dans leur activit\u00e9. Ces vid\u00e9os serviront de compl\u00e9ment aux reportages t\u00e9l\u00e9vis\u00e9s d\u2019Archi Urbain et aux projets de caviar.archi.<\/li>\n\n\n\n<li><strong>Reportages projets<\/strong><br>Int\u00e9gr\u00e9s dans l\u2019\u00e9mission&nbsp;<em>Archi Urbain<\/em>&nbsp;et archiv\u00e9s sur caviar.archi, ces reportages mettent en lumi\u00e8re des projets laur\u00e9ats de R\u00e9nolab, des bonnes pratiques, des mat\u00e9riaux innovants, des secteurs d\u2019activit\u00e9, des fili\u00e8res de formation, et des recherches prometteuses. Architectes, ma\u00eetres d\u2019ouvrage, entrepreneurs, et experts viendront partager leurs exp\u00e9riences.<\/li>\n<\/ol>\n\n\n\n<hr class=\"wp-block-separator has-text-color has-pale-pink-color has-alpha-channel-opacity has-pale-pink-background-color has-background is-style-dots\"\/>\n\n\n\n<p><strong>REJOIGNEZ LE LABONORD !<\/strong><\/p>\n\n\n\n<p>Ce projet ambitieux ne peut se concr\u00e9tiser qu\u2019avec votre aide, votre savoir-faire et votre expertise.<\/p>\n\n\n\n<ul class=\"wp-block-list\">\n<li><strong>Vous \u00eates une entreprise<\/strong>&nbsp;et souhaitez participer \u00e0 notre s\u00e9rie de portraits&nbsp;<em>Who\u2019s Who<\/em>&nbsp;?<\/li>\n\n\n\n<li><strong>Vous avez un projet immobilier inspirant<\/strong>, f\u00e9d\u00e9rateur, exemplaire, et souhaitez qu\u2019il soit mis en lumi\u00e8re dans&nbsp;<em>Archi Urbain<\/em>&nbsp;?<\/li>\n\n\n\n<li><strong>Vous \u00eates un\u00b7e expert\u00b7e ou un\u00b7e professeur\u00b7e<\/strong>&nbsp;dans un domaine li\u00e9 \u00e0 la durabilit\u00e9 et souhaitez transmettre vos connaissances au plus grand nombre ?<\/li>\n<\/ul>\n\n\n\n<p><strong>Faites entendre votre voix !<\/strong><br>Contactez-nous d\u00e8s aujourd\u2019hui \u00e0 l\u2019adresse <a href=\"mailto:info@archiurbain.be\">info@archiurbain.be<\/a><br>Construisons ensemble un avenir plus durable et responsable.<\/p>\n\n\n\n<hr class=\"wp-block-separator has-alpha-channel-opacity\"\/>\n\n\n\n<p><strong>PORTEUR DE PROJET<\/strong><\/p>\n\n\n\n<p><strong>Archi Urbain<\/strong>&nbsp;est un \u00e9cosyst\u00e8me d\u00e9di\u00e9 \u00e0 la promotion des pratiques d\u2019architecture de qualit\u00e9.<\/p>\n\n\n\n<p>Lanc\u00e9 en 2006,&nbsp;<em>Archi Urbain<\/em>&nbsp;est d\u2019abord une \u00e9mission d\u2019architecture et d\u2019urbanisme diffus\u00e9e sur BX1. Tr\u00e8s vite, un site Internet a \u00e9t\u00e9 cr\u00e9\u00e9 pour compl\u00e9ter ce dispositif en archivant toutes les \u00e9missions via un h\u00e9bergement sur YouTube. Aujourd\u2019hui,&nbsp;<strong>archiurbain.be<\/strong>&nbsp;s\u2019est transform\u00e9 en une v\u00e9ritable plateforme d\u2019information, permettant \u00e0 tout un chacun\u00b7e de d\u00e9couvrir des contenus vari\u00e9s li\u00e9s au monde immobilier.<\/p>\n\n\n\n<p>Au fil du temps,&nbsp;<em>Les D\u00e9lires Productions<\/em>&nbsp;\u2013 soci\u00e9t\u00e9 de production audiovisuelle bruxelloise \u2013 et le journaliste-r\u00e9alisateur&nbsp;<strong>Mister Emma<\/strong>&nbsp;ont \u00e9largi leur champ d\u2019action. En 2014, ils ont lanc\u00e9&nbsp;<strong>caviar.archi<\/strong>, une plateforme d\u00e9di\u00e9e \u00e0 la diffusion de capsules vid\u00e9o sur l\u2019architecture. En 2017, ils ont franchi un nouveau cap avec la production et la r\u00e9alisation de longs m\u00e9trages documentaires, rencontrant un succ\u00e8s notable. Ces films ont \u00e9t\u00e9 projet\u00e9s dans des festivals internationaux, lors de salons immobiliers, ou encore en s\u00e9ances scolaires \u00e0 travers le monde.<\/p>\n\n\n\n<p>Ainsi,&nbsp;<em>Archi Urbain<\/em>&nbsp;a acquis une solide r\u00e9putation. Initialement con\u00e7u comme une simple \u00e9mission d\u2019architecture, il est aujourd\u2019hui un v\u00e9ritable r\u00e9seau de diffusion multim\u00e9dia. Son contenu est diffus\u00e9 sur la t\u00e9l\u00e9vision, sur le web, sur grands \u00e9crans, et lors d\u2019\u00e9v\u00e9nements en direct tels que des colloques, des conf\u00e9rences, ou des d\u00e9bats.<\/p>\n\n\n\n<hr class=\"wp-block-separator has-text-color has-pale-pink-color has-alpha-channel-opacity has-pale-pink-background-color has-background is-style-dots\"\/>\n\n\n\n<p><strong>AUDIENCES ET IMPACT<\/strong><\/p>\n\n\n\n<p>L\u2019audience quotidienne de BX1 en r\u00e9gion bruxelloise atteint environ&nbsp;<strong>120 000 personnes<\/strong>, avec&nbsp;<strong>16 000<\/strong>&nbsp;spectateurs suppl\u00e9mentaires dans le Brabant. Par ailleurs,&nbsp;<strong>18 % de la population bruxelloise<\/strong>&nbsp;regarde les programmes de BX1 au moins une fois par semaine.<\/p>\n\n\n\n<p>En 2023, l\u2019archivage des \u00e9missions sur&nbsp;<strong>YouTube<\/strong>&nbsp;et&nbsp;<strong>archiurbain.be<\/strong>&nbsp;a g\u00e9n\u00e9r\u00e9&nbsp;<strong>52 000 visionnages suppl\u00e9mentaires<\/strong>. Le profil des internautes est majoritairement masculin (<strong>75 %<\/strong>), belge (<strong>55 %<\/strong>), et \u00e2g\u00e9 de&nbsp;<strong>25 \u00e0 44 ans<\/strong>&nbsp;(<strong>70 %<\/strong>). En compl\u00e9ment,&nbsp;<strong>7 500 vues<\/strong>&nbsp;ont \u00e9t\u00e9 enregistr\u00e9es sur Vimeo, dont&nbsp;<strong>65 % des internautes<\/strong>&nbsp;sont issus de Bruxelles et&nbsp;<strong>20 % de Wallonie<\/strong>.<\/p>\n\n\n\n<p>Les sites&nbsp;<strong>archiurbain.be<\/strong>&nbsp;et&nbsp;<strong>caviar.archi<\/strong>&nbsp;accueillent une moyenne de&nbsp;<strong>70 000 visiteurs par mois<\/strong>.<br>En parall\u00e8le,&nbsp;<em>Archi Urbain<\/em>&nbsp;et&nbsp;<em>caviar.archi<\/em>&nbsp;renforcent leur pr\u00e9sence sur les r\u00e9seaux sociaux (<strong>Facebook, LinkedIn, Instagram<\/strong>) avec une communaut\u00e9 de&nbsp;<strong>5 000 membres<\/strong>, tout en maintenant une&nbsp;<strong>newsletter hebdomadaire<\/strong>&nbsp;diffus\u00e9e \u00e0&nbsp;<strong>1 500 professionnels<\/strong>.<\/p>\n","protected":false},"excerpt":{"rendered":"<p>INTENTIONS C\u2019est en octobre 2006 que l\u2019\u00e9mission d\u00e9di\u00e9e \u00e0 l\u2019architecture et \u00e0 l\u2019urbanisme a vu le jour sur T\u00e9l\u00e9-Bruxelles (aujourd\u2019hui BX1). Depuis, plus de 650 \u00e9missions de 12 minutes ont \u00e9t\u00e9 produites pour la t\u00e9l\u00e9vision, accompagn\u00e9es de plus d\u2019une centaine de capsules vid\u00e9o pour la plateforme&nbsp;caviar.archi. Plusieurs longs m\u00e9trages documentaires (Let\u2019s Meet Yves Weinand,&nbsp;Les occupations temporaires,&nbsp;MediaPark,&nbsp;L\u2019histoire des logements sociaux \u00e0 Bruxelles,&nbsp;In Vivo,&nbsp;Acupunctures urbaines,&nbsp;La Royale Belge, &hellip; <a href=\"https:\/\/www.archiurbain.be\/?page_id=12638\" class=\"more-link\">Continuer de lire <span class=\"screen-reader-text\"><\/span><\/a><\/p>\n","protected":false},"author":1,"featured_media":0,"parent":0,"menu_order":0,"comment_status":"closed","ping_status":"closed","template":"","meta":{"_monsterinsights_skip_tracking":false,"_monsterinsights_sitenote_active":false,"_monsterinsights_sitenote_note":"","_monsterinsights_sitenote_category":0,"footnotes":""},"tags":[],"class_list":["post-12638","page","type-page","status-publish","hentry"],"jetpack_sharing_enabled":true,"_links":{"self":[{"href":"https:\/\/www.archiurbain.be\/index.php?rest_route=\/wp\/v2\/pages\/12638","targetHints":{"allow":["GET"]}}],"collection":[{"href":"https:\/\/www.archiurbain.be\/index.php?rest_route=\/wp\/v2\/pages"}],"about":[{"href":"https:\/\/www.archiurbain.be\/index.php?rest_route=\/wp\/v2\/types\/page"}],"author":[{"embeddable":true,"href":"https:\/\/www.archiurbain.be\/index.php?rest_route=\/wp\/v2\/users\/1"}],"replies":[{"embeddable":true,"href":"https:\/\/www.archiurbain.be\/index.php?rest_route=%2Fwp%2Fv2%2Fcomments&post=12638"}],"version-history":[{"count":17,"href":"https:\/\/www.archiurbain.be\/index.php?rest_route=\/wp\/v2\/pages\/12638\/revisions"}],"predecessor-version":[{"id":13798,"href":"https:\/\/www.archiurbain.be\/index.php?rest_route=\/wp\/v2\/pages\/12638\/revisions\/13798"}],"wp:attachment":[{"href":"https:\/\/www.archiurbain.be\/index.php?rest_route=%2Fwp%2Fv2%2Fmedia&parent=12638"}],"wp:term":[{"taxonomy":"post_tag","embeddable":true,"href":"https:\/\/www.archiurbain.be\/index.php?rest_route=%2Fwp%2Fv2%2Ftags&post=12638"}],"curies":[{"name":"wp","href":"https:\/\/api.w.org\/{rel}","templated":true}]}}