{"id":12285,"date":"2024-04-11T22:50:28","date_gmt":"2024-04-11T20:50:28","guid":{"rendered":"https:\/\/www.archiurbain.be\/?page_id=12285"},"modified":"2026-05-03T21:57:58","modified_gmt":"2026-05-03T19:57:58","slug":"12285-2","status":"publish","type":"page","link":"https:\/\/www.archiurbain.be\/","title":{"rendered":""},"content":{"rendered":"\n<figure class=\"wp-block-image size-large\"><a href=\"https:\/\/awbrussels26.architectatwork.com\/invitation\/customer\/ARUB26?retrieval_code=ARUB26&amp;language=fr\" target=\"_blank\" rel=\" noreferrer noopener\"><img loading=\"lazy\" decoding=\"async\" width=\"1024\" height=\"187\" src=\"https:\/\/www.archiurbain.be\/wp-content\/uploads\/2026\/04\/Banner-Architects-@-work-1024x187.jpg\" alt=\"\" class=\"wp-image-15029\" srcset=\"https:\/\/www.archiurbain.be\/wp-content\/uploads\/2026\/04\/Banner-Architects-@-work-1024x187.jpg 1024w, https:\/\/www.archiurbain.be\/wp-content\/uploads\/2026\/04\/Banner-Architects-@-work-300x55.jpg 300w, https:\/\/www.archiurbain.be\/wp-content\/uploads\/2026\/04\/Banner-Architects-@-work-768x140.jpg 768w, https:\/\/www.archiurbain.be\/wp-content\/uploads\/2026\/04\/Banner-Architects-@-work-1536x280.jpg 1536w, https:\/\/www.archiurbain.be\/wp-content\/uploads\/2026\/04\/Banner-Architects-@-work-400x73.jpg 400w, https:\/\/www.archiurbain.be\/wp-content\/uploads\/2026\/04\/Banner-Architects-@-work.jpg 1920w\" sizes=\"auto, (max-width: 1024px) 100vw, 1024px\" \/><\/a><\/figure>\n\n\n\n<figure class=\"wp-block-embed is-type-video is-provider-youtube wp-block-embed-youtube wp-embed-aspect-16-9 wp-has-aspect-ratio\"><div class=\"wp-block-embed__wrapper\">\n<div class=\"jetpack-video-wrapper\"><iframe loading=\"lazy\" title=\"ARCHI URBAIN (20\/29) : LaboNord \/ Semaine d\u2019innovation p\u00e9dagogique (2\/2) + Daniel de Vroey\" width=\"720\" height=\"405\" src=\"https:\/\/www.youtube.com\/embed\/gFvTm1AUmDs?feature=oembed\" frameborder=\"0\" allow=\"accelerometer; autoplay; clipboard-write; encrypted-media; gyroscope; picture-in-picture; web-share\" referrerpolicy=\"strict-origin-when-cross-origin\" allowfullscreen><\/iframe><\/div>\n<\/div><\/figure>\n\n\n\n<figure class=\"wp-block-image size-large\"><a href=\"https:\/\/www.archiurbain.be\/wp-content\/img\/Newsletter\/Labonord_FR.pdf\" target=\"_blank\" rel=\" noreferrer noopener\"><img loading=\"lazy\" decoding=\"async\" width=\"1024\" height=\"171\" src=\"https:\/\/www.archiurbain.be\/wp-content\/uploads\/2026\/02\/Labonord_Banner3-1024x171.jpg\" alt=\"\" class=\"wp-image-14782\" srcset=\"https:\/\/www.archiurbain.be\/wp-content\/uploads\/2026\/02\/Labonord_Banner3-1024x171.jpg 1024w, https:\/\/www.archiurbain.be\/wp-content\/uploads\/2026\/02\/Labonord_Banner3-300x50.jpg 300w, https:\/\/www.archiurbain.be\/wp-content\/uploads\/2026\/02\/Labonord_Banner3-768x128.jpg 768w, https:\/\/www.archiurbain.be\/wp-content\/uploads\/2026\/02\/Labonord_Banner3-400x67.jpg 400w, https:\/\/www.archiurbain.be\/wp-content\/uploads\/2026\/02\/Labonord_Banner3.jpg 1200w\" sizes=\"auto, (max-width: 1024px) 100vw, 1024px\" \/><\/a><\/figure>\n\n\n\n<figure class=\"wp-block-gallery alignwide has-nested-images columns-default is-cropped wp-block-gallery-1 is-layout-flex wp-block-gallery-is-layout-flex\">\n<figure class=\"wp-block-image size-full\"><a href=\"https:\/\/www.archiurbain.be\/?page_id=12384\"><img loading=\"lazy\" decoding=\"async\" width=\"1000\" height=\"1000\" data-id=\"13254\" src=\"https:\/\/www.archiurbain.be\/wp-content\/uploads\/2024\/08\/WHOSWHO.jpg\" alt=\"\" class=\"wp-image-13254\" srcset=\"https:\/\/www.archiurbain.be\/wp-content\/uploads\/2024\/08\/WHOSWHO.jpg 1000w, https:\/\/www.archiurbain.be\/wp-content\/uploads\/2024\/08\/WHOSWHO-300x300.jpg 300w, https:\/\/www.archiurbain.be\/wp-content\/uploads\/2024\/08\/WHOSWHO-768x768.jpg 768w, https:\/\/www.archiurbain.be\/wp-content\/uploads\/2024\/08\/WHOSWHO-90x90.jpg 90w\" sizes=\"auto, (max-width: 1000px) 100vw, 1000px\" \/><\/a><\/figure>\n\n\n\n<figure class=\"wp-block-image size-full\"><a href=\"https:\/\/www.archiurbain.be\/?page_id=13291\"><img loading=\"lazy\" decoding=\"async\" width=\"1000\" height=\"1000\" data-id=\"13266\" src=\"https:\/\/www.archiurbain.be\/wp-content\/uploads\/2024\/08\/Tutoriels.jpg\" alt=\"\" class=\"wp-image-13266\" srcset=\"https:\/\/www.archiurbain.be\/wp-content\/uploads\/2024\/08\/Tutoriels.jpg 1000w, https:\/\/www.archiurbain.be\/wp-content\/uploads\/2024\/08\/Tutoriels-300x300.jpg 300w, https:\/\/www.archiurbain.be\/wp-content\/uploads\/2024\/08\/Tutoriels-768x768.jpg 768w, https:\/\/www.archiurbain.be\/wp-content\/uploads\/2024\/08\/Tutoriels-90x90.jpg 90w\" sizes=\"auto, (max-width: 1000px) 100vw, 1000px\" \/><\/a><\/figure>\n<\/figure>\n\n\n\n<figure class=\"wp-block-gallery alignwide has-nested-images columns-default is-cropped wp-block-gallery-2 is-layout-flex wp-block-gallery-is-layout-flex\">\n<figure class=\"wp-block-image size-full\"><a href=\"https:\/\/www.archiurbain.be\/?p=14655\"><img loading=\"lazy\" decoding=\"async\" width=\"858\" height=\"862\" data-id=\"14642\" src=\"https:\/\/www.archiurbain.be\/wp-content\/uploads\/2026\/01\/poster-agenda-archi-culturel-25-26.jpg\" alt=\"\" class=\"wp-image-14642\" srcset=\"https:\/\/www.archiurbain.be\/wp-content\/uploads\/2026\/01\/poster-agenda-archi-culturel-25-26.jpg 858w, https:\/\/www.archiurbain.be\/wp-content\/uploads\/2026\/01\/poster-agenda-archi-culturel-25-26-300x300.jpg 300w, https:\/\/www.archiurbain.be\/wp-content\/uploads\/2026\/01\/poster-agenda-archi-culturel-25-26-768x772.jpg 768w, https:\/\/www.archiurbain.be\/wp-content\/uploads\/2026\/01\/poster-agenda-archi-culturel-25-26-90x90.jpg 90w\" sizes=\"auto, (max-width: 858px) 100vw, 858px\" \/><\/a><\/figure>\n\n\n\n<figure class=\"wp-block-image size-full\"><a href=\"https:\/\/lesdelires.be\/archi-urbain-2\/\" target=\"_blank\" rel=\" noreferrer noopener\"><img loading=\"lazy\" decoding=\"async\" width=\"1000\" height=\"1000\" data-id=\"13248\" src=\"https:\/\/www.archiurbain.be\/wp-content\/uploads\/2024\/08\/Testimonial.jpg\" alt=\"\" class=\"wp-image-13248\" srcset=\"https:\/\/www.archiurbain.be\/wp-content\/uploads\/2024\/08\/Testimonial.jpg 1000w, https:\/\/www.archiurbain.be\/wp-content\/uploads\/2024\/08\/Testimonial-300x300.jpg 300w, https:\/\/www.archiurbain.be\/wp-content\/uploads\/2024\/08\/Testimonial-768x768.jpg 768w, https:\/\/www.archiurbain.be\/wp-content\/uploads\/2024\/08\/Testimonial-90x90.jpg 90w\" sizes=\"auto, (max-width: 1000px) 100vw, 1000px\" \/><\/a><\/figure>\n<\/figure>\n\n\n<ul class=\"wp-block-latest-posts__list is-grid columns-2 wp-block-latest-posts\"><li><a class=\"wp-block-latest-posts__post-title\" href=\"https:\/\/www.archiurbain.be\/?p=15047\">ARCHITECT@WORK Bruxelles : l\u2019innovation comme moteur de l\u2019architecture contemporaine<\/a><div class=\"wp-block-latest-posts__post-excerpt\">Les 20 et 21 mai 2026,&nbsp;ARCHITECT@WORK Brussels 2026&nbsp;investira le site de&nbsp;Tour &amp; Taxis&nbsp;pour une nouvelle \u00e9dition tr\u00e8s attendue. Apr\u00e8s le succ\u00e8s des pr\u00e9c\u00e9dentes rencontres, l\u2019\u00e9v\u00e9nement s\u2019impose plus que jamais comme un rendez-vous incontournable pour les professionnels de l\u2019architecture et du design. Un salon pens\u00e9 pour les prescripteurs ARCHITECT@WORK se distingue par un concept radicalement diff\u00e9rent des salons traditionnels. Ici, pas de stands classiques ni de &hellip;<\/div><\/li>\n<li><a class=\"wp-block-latest-posts__post-title\" href=\"https:\/\/www.archiurbain.be\/?p=15039\">Jean Dethier et la terre crue : aux origines d\u2019une architecture d\u2019avenir<\/a><div class=\"wp-block-latest-posts__post-excerpt\">Jean Dethier&nbsp;est une figure singuli\u00e8re du paysage architectural europ\u00e9en, \u00e0 la crois\u00e9e de la pratique, de la recherche et de la transmission. Architecte, urbaniste et commissaire d\u2019exposition, il a consacr\u00e9 sa carri\u00e8re \u00e0 \u00e9largir le regard port\u00e9 sur l\u2019architecture, en la reconnectant aux cultures, aux territoires et aux savoir-faire traditionnels. Form\u00e9 \u00e0 La Cambre \u00e0 Bruxelles, il entame d\u00e8s les ann\u00e9es 1960 un parcours international &hellip;<\/div><\/li>\n<li><a class=\"wp-block-latest-posts__post-title\" href=\"https:\/\/www.archiurbain.be\/?p=14170\">BX1 : \u00c9missions de la saison 20 (2025-2026)<\/a><div class=\"wp-block-latest-posts__post-excerpt\">En 2024, Archi Urbain&nbsp;a lanc\u00e9 un&nbsp;laboratoire de la r\u00e9novation \/ construction saine et durable \u00e0 Bruxelles. Le&nbsp;LaboNord entend montrer les bonnes pratiques pour r\u00e9nover son habitat avec des mat\u00e9riaux sains tant pour le bien immobilier que pour ses habitants et habitantes, tout en limitant au maximum les d\u00e9perditions d\u2019\u00e9nergie. En prenant un chantier pilote situ\u00e9 dans la commune de Saint-Josse-ten-Noode comme personnage fil rouge,&nbsp;Mister Emma&nbsp;vous &hellip;<\/div><\/li>\n<li><a class=\"wp-block-latest-posts__post-title\" href=\"https:\/\/www.archiurbain.be\/?p=14237\">ARCHI URBAIN (20\/29) : LaboNord \/ Semaine d\u2019innovation p\u00e9dagogique (2\/2) + Daniel de Vroey<\/a><div class=\"wp-block-latest-posts__post-excerpt\">\u00c0 la demande de&nbsp;Yann Gueguen, professeur \u00e0 la&nbsp;Facult\u00e9 d\u2019architecture de l\u2019ULB La Cambre Horta, le&nbsp;LaboNord&nbsp;a servi de base pour un&nbsp;workshop&nbsp;de la&nbsp;Semaine d\u2019Innovation p\u00e9dagogique(SIP)en mars 2025. Aid\u00e9 par l\u2019architecte&nbsp;Baptiste Donnet, le collectif&nbsp;Alter,&nbsp;Natura Mater&nbsp;et&nbsp;L\u2019alchimie des mati\u00e8res, les \u00e9tudiant\u00b7es se sont form\u00e9s au&nbsp;b\u00e9ton de pl\u00e2tre&nbsp;et au recuperazzo. Dans la seconde partie de l\u2019\u00e9mission, nous vous proposons deux capsules tutoriels en compagnie de&nbsp;Daniel de Vroey, testeur en infiltrom\u00e9trie. Il &hellip;<\/div><\/li>\n<li><a class=\"wp-block-latest-posts__post-title\" href=\"https:\/\/www.archiurbain.be\/?p=15025\">\u00c0 Barcelone, la Wallonie rayonne pendant que Bruxelles se replie<\/a><div class=\"wp-block-latest-posts__post-excerpt\">Du mercredi 15 au vendredi 17 avril 2026,&nbsp;Wallonie-Bruxelles Architecture&nbsp;et&nbsp;hub.brussels&nbsp;ont uni leurs forces \u00e0 Barcelone pour proposer un programme dense \u00e0 destination des architectes et des entreprises du secteur immobilier belge francophone. En marge de l\u2019exposition&nbsp;Cities Connection Project,&nbsp;Wallonie-Bruxelles Architecture&nbsp;a projet\u00e9 le film&nbsp;Beyond The Pavilion&nbsp;de&nbsp;Mister Emma&nbsp;\u00e0 la&nbsp;Mecal Factory. Le journaliste a \u00e9galement anim\u00e9, le jeudi apr\u00e8s-midi, un d\u00e9bat entre architectes belges et catalans \u00e0 la&nbsp;Brussels House, prolongeant &hellip;<\/div><\/li>\n<li><a class=\"wp-block-latest-posts__post-title\" href=\"https:\/\/www.archiurbain.be\/?p=15023\">hub.brussels se replie \u00e0 l\u2019international : Bruxelles va fermer 14 repr\u00e9sentations \u00e0 l\u2019\u00e9tranger<\/a><div class=\"wp-block-latest-posts__post-excerpt\">C\u2019est une d\u00e9cision qui marque un tournant dans la politique internationale de la R\u00e9gion bruxelloise. Le gouvernement a valid\u00e9, le&nbsp;16 avril 2026, une r\u00e9duction majeure du r\u00e9seau \u00e9tranger de&nbsp;hub.brussels, l\u2019agence charg\u00e9e d\u2019accompagner les entreprises bruxelloises \u00e0 l\u2019international et de renforcer l\u2019attractivit\u00e9 \u00e9conomique de la capitale. Au total,&nbsp;14 bureaux sur 33&nbsp;vont fermer, tandis que&nbsp;trois autres implantations&nbsp;seront d\u00e9sormais g\u00e9r\u00e9es \u00e0 distance depuis Bruxelles.&nbsp; Parmi les bureaux appel\u00e9s &hellip;<\/div><\/li>\n<\/ul>\n\n\n<figure class=\"wp-block-embed is-type-video is-provider-youtube wp-block-embed-youtube wp-embed-aspect-16-9 wp-has-aspect-ratio\"><div class=\"wp-block-embed__wrapper\">\n<div class=\"jetpack-video-wrapper\"><iframe loading=\"lazy\" title=\"THE MARNIX, Brussels - Belgium (trailer)\" width=\"720\" height=\"405\" src=\"https:\/\/www.youtube.com\/embed\/xViN-UWwmVE?feature=oembed\" frameborder=\"0\" allow=\"accelerometer; autoplay; clipboard-write; encrypted-media; gyroscope; picture-in-picture; web-share\" referrerpolicy=\"strict-origin-when-cross-origin\" allowfullscreen><\/iframe><\/div>\n<\/div><\/figure>\n\n\n\n<figure class=\"wp-block-image size-full\"><a href=\"https:\/\/www.archiurbain.be\/wp-content\/uploads\/2026\/05\/IMG_3951.jpeg\"><img loading=\"lazy\" decoding=\"async\" width=\"1000\" height=\"563\" src=\"https:\/\/www.archiurbain.be\/wp-content\/uploads\/2026\/05\/IMG_3951.jpeg\" alt=\"\" class=\"wp-image-15056\" srcset=\"https:\/\/www.archiurbain.be\/wp-content\/uploads\/2026\/05\/IMG_3951.jpeg 1000w, https:\/\/www.archiurbain.be\/wp-content\/uploads\/2026\/05\/IMG_3951-300x169.jpeg 300w, https:\/\/www.archiurbain.be\/wp-content\/uploads\/2026\/05\/IMG_3951-768x432.jpeg 768w, https:\/\/www.archiurbain.be\/wp-content\/uploads\/2026\/05\/IMG_3951-160x90.jpeg 160w\" sizes=\"auto, (max-width: 1000px) 100vw, 1000px\" \/><\/a><\/figure>\n","protected":false},"excerpt":{"rendered":"<p> <a href=\"https:\/\/www.archiurbain.be\/\" class=\"more-link\">Continuer de lire <span class=\"screen-reader-text\"><\/span><\/a><\/p>\n","protected":false},"author":1,"featured_media":0,"parent":0,"menu_order":0,"comment_status":"closed","ping_status":"closed","template":"","meta":{"_monsterinsights_skip_tracking":false,"_monsterinsights_sitenote_active":false,"_monsterinsights_sitenote_note":"","_monsterinsights_sitenote_category":0,"footnotes":""},"tags":[],"class_list":["post-12285","page","type-page","status-publish","hentry"],"jetpack_sharing_enabled":true,"_links":{"self":[{"href":"https:\/\/www.archiurbain.be\/index.php?rest_route=\/wp\/v2\/pages\/12285","targetHints":{"allow":["GET"]}}],"collection":[{"href":"https:\/\/www.archiurbain.be\/index.php?rest_route=\/wp\/v2\/pages"}],"about":[{"href":"https:\/\/www.archiurbain.be\/index.php?rest_route=\/wp\/v2\/types\/page"}],"author":[{"embeddable":true,"href":"https:\/\/www.archiurbain.be\/index.php?rest_route=\/wp\/v2\/users\/1"}],"replies":[{"embeddable":true,"href":"https:\/\/www.archiurbain.be\/index.php?rest_route=%2Fwp%2Fv2%2Fcomments&post=12285"}],"version-history":[{"count":230,"href":"https:\/\/www.archiurbain.be\/index.php?rest_route=\/wp\/v2\/pages\/12285\/revisions"}],"predecessor-version":[{"id":15057,"href":"https:\/\/www.archiurbain.be\/index.php?rest_route=\/wp\/v2\/pages\/12285\/revisions\/15057"}],"wp:attachment":[{"href":"https:\/\/www.archiurbain.be\/index.php?rest_route=%2Fwp%2Fv2%2Fmedia&parent=12285"}],"wp:term":[{"taxonomy":"post_tag","embeddable":true,"href":"https:\/\/www.archiurbain.be\/index.php?rest_route=%2Fwp%2Fv2%2Ftags&post=12285"}],"curies":[{"name":"wp","href":"https:\/\/api.w.org\/{rel}","templated":true}]}}